
Is 2 a factor of 18888?
True
Is 64 a factor of 7131048?
False
Does 408 divide 162003?
False
Does 91 divide 7427898?
False
Is 18 a factor of 45851?
False
Does 39 divide 329862?
True
Does 72 divide 1217664?
True
Is 160117 a multiple of 31?
False
Is 159 a factor of 2650?
False
Is 6 a factor of 24370?
False
Is 97975 a multiple of 25?
True
Is 5 a factor of 5650698?
False
Is 2749725 a multiple of 11?
True
Does 29 divide 342432?
True
Does 35 divide 1253416?
False
Is 56 a factor of 486041?
False
Does 166 divide 112739?
False
Is 88587 a multiple of 3?
True
Is 69 a factor of 113458?
False
Does 50 divide 13268?
False
Is 2656122 a multiple of 11?
False
Does 134 divide 12572675?
False
Does 4 divide 2719516?
True
Is 131 a factor of 18995?
True
Does 720 divide 12244320?
True
Does 105 divide 965342?
False
Is 361 a factor of 265696?
True
Is 140719 a multiple of 11?
False
Does 39 divide 839670?
True
Is 316 a factor of 39500?
True
Is 2979720 a multiple of 4?
True
Is 87 a factor of 8091?
True
Is 370 a factor of 1174857?
False
Is 584284 a multiple of 9?
False
Does 105 divide 3639615?
True
Does 563 divide 10526380?
False
Does 163 divide 239610?
True
Is 5825884 a multiple of 733?
True
Is 15 a factor of 25246?
False
Is 5405687 a multiple of 29?
True
Does 33 divide 1138863?
True
Is 1653345 a multiple of 333?
True
Does 9 divide 1702743?
False
Does 1198 divide 8274586?
True
Does 44 divide 12835821?
False
Is 4 a factor of 3398?
False
Is 32 a factor of 597585?
False
Is 6 a factor of 421268?
False
Is 19358856 a multiple of 11?
True
Does 8 divide 2443096?
True
Is 212612 a multiple of 4?
True
Does 214 divide 252729?
False
Is 40 a factor of 2387200?
True
Does 10 divide 778950?
True
Is 14201493 a multiple of 157?
False
Does 34 divide 12206?
True
Is 4 a factor of 2163?
False
Is 4 a factor of 80691?
False
Is 447 a factor of 13896831?
False
Is 105 a factor of 4646250?
True
Does 5 divide 143170?
True
Does 9 divide 839475?
True
Is 6339766 a multiple of 20?
False
Is 57915 a multiple of 9?
True
Is 35033 a multiple of 273?
False
Is 130832 a multiple of 74?
True
Is 682 a factor of 526937?
False
Is 4034449 a multiple of 141?
False
Does 13 divide 20852?
True
Does 128 divide 12603649?
False
Is 3 a factor of 781093?
False
Is 16 a factor of 3176384?
True
Does 229 divide 12177304?
True
Is 10055850 a multiple of 183?
True
Does 6 divide 14167898?
False
Is 18 a factor of 112483?
False
Is 418 a factor of 2822369?
False
Is 6379389 a multiple of 19?
False
Is 416614 a multiple of 144?
False
Is 36 a factor of 115587?
False
Does 13 divide 142389?
True
Is 254904 a multiple of 3?
True
Is 1045 a factor of 512295?
False
Is 1756421 a multiple of 33?
False
Is 9018908 a multiple of 944?
False
Is 6416282 a multiple of 4?
False
Is 193 a factor of 611397?
False
Is 6 a factor of 105282?
True
Does 1156 divide 7041348?
False
Does 19 divide 68810?
False
Does 28 divide 85204?
True
Does 89 divide 419888?
False
Is 140 a factor of 30803?
False
Is 1361213 a multiple of 261?
False
Is 574361 a multiple of 337?
False
Is 14 a factor of 188113?
False
Is 16 a factor of 594418?
False
Does 10 divide 359280?
True
Does 3 divide 7944?
True
Does 24 divide 1350942?
False
Is 31 a factor of 3182151?
False
Is 2533964 a multiple of 164?
True
Is 25 a factor of 316280?
False
Is 79640 a multiple of 49?
False
Does 302 divide 382561?
False
Is 111 a factor of 856698?
True
Is 43 a factor of 3090152?
True
Is 9 a factor of 38079?
True
Does 47 divide 7628852?
True
Is 20 a factor of 819980?
True
Does 120 divide 802521?
False
Does 397 divide 1576487?
True
Is 52 a factor of 1708187?
False
Does 2 divide 3392972?
True
Is 28 a factor of 1419416?
False
Does 83 divide 251349?
False
Is 8084250 a multiple of 90?
True
Is 328685 a multiple of 35?
True
Is 3193 a multiple of 7?
False
Is 134 a factor of 713416?
True
Does 85 divide 3520105?
True
Is 60744 a multiple of 8?
True
Is 705217 a multiple of 149?
True
Is 325242 a multiple of 44?
False
Is 107100 a multiple of 119?
True
Is 556 a factor of 751712?
True
Does 6 divide 5402953?
False
Is 2589545 a multiple of 529?
False
Is 1826498 a multiple of 591?
False
Is 7 a factor of 2006417?
True
Does 281 divide 243839?
False
Is 38793 a multiple of 89?
False
Is 20 a factor of 543040?
True
Is 35 a factor of 2356?
False
Is 28 a factor of 66864?
True
Is 9880127 a multiple of 20?
False
Is 72773 a multiple of 62?
False
Is 14 a factor of 10608608?
False
Is 26 a factor of 1376778?
True
Is 375 a factor of 1050665?
False
Does 1187 divide 2625644?
True
Is 16 a factor of 58112?
True
Is 6 a factor of 120694?
False
Is 2234800 a multiple of 8?
True
Does 12 divide 78156?
True
Is 6 a factor of 137580?
True
Is 331018 a multiple of 15?
False
Is 238742 a multiple of 103?
False
Is 10 a factor of 158781?
False
Is 37 a factor of 910496?
True
Is 393359 a multiple of 19?
False
Is 2 a factor of 11299?
False
Is 1632 a factor of 21433056?
True
Does 29 divide 30137?
False
Is 26 a factor of 1465386?
True
Does 3 divide 139791?
True
Is 38 a factor of 105105?
False
Does 3 divide 27794?
False
Is 75 a factor of 689461?
False
Is 24 a factor of 185328?
True
Does 10 divide 848162?
False
Does 10 divide 354920?
True
Does 140 divide 4089070?
False
Is 48 a factor of 3434352?
True
Is 69 a factor of 34687?
False
Is 12650663 a multiple of 14?
False
Is 35 a factor of 92749?
False
Is 107 a factor of 159537?
True
Is 20 a factor of 1029120?
True
Does 217 divide 289695?
True
Is 12 a factor of 45024?
True
Is 1102464 a multiple of 696?
True
Is 956403 a multiple of 423?
True
Is 51324 a multiple of 3?
True
Is 11617060 a multiple of 91?
True
Is 83 a factor of 138693?
True
Is 2616 a multiple of 5?
False
Is 146 a factor of 31244?
True
Is 285 a factor of 361441?
False
Is 2326 a factor of 3073763?
False
Is 18 a factor of 13276836?
True
Does 194 divide 324368?
True
Is 7 a factor of 219338?
True
Is 42 a factor of 130244?
False
Is 81539 a multiple of 15?
False
Is 95010 a multiple of 30?
True
Is 230969 a multiple of 37?
False
Is 11982064 a multiple of 1636?
True
Does 23 divide 2187357?
False
Does 7 divide 19017?
False
Is 1447421 a multiple of 21?
False
Does 30 divide 3401423?
False
Is 6 a factor of 13483?
False
Does 819 divide 5567454?
False
Does 62 divide 5927262?
True
Does 24 divide 544058?
False
Is 7536126 a multiple of 1027?
True
Is 609576 a multiple of 109?
False
Is 8148652 a multiple of 379?
False
Does 40 divide 438880?
True
Does 20 divide 4567962?
False
Is 17 a factor of 72267?
True
Is 53 a factor of 199100?
False
Is 23 a factor of 392875?
False
Is 2477051 a multiple of 76?
False
Is 308 a factor of 90244?
True
Does 12 divide 36324?
True
Is 5 a factor of 2821513?
False
Is 1223247 a multiple of 330?
False
Does 198 divide 93906?
False
Does 262 divide 478412?
True
Is 146676 a multiple of 204?
True
Does 10 divide 602388?
False
Does 253 divide 1689787?
True
Does 29 divide 1247379?
False
Does 25 divide 383575?
True
Is 8 a factor of 12325520?
True
Is 619 a factor of 349521?
False
Does 92 divide 393718?
False
Does 48 divide 4566528?
True
Does 5 divide 9064?
False
Is 83 a factor of 164174?
True
Does 1509 divide 7869574?
False
Does 12 divide 440277?
False
Is 20 a factor of 1225320?
True
Does 12 divide 352212?
True
Is 10 a factor of 225820?
True
Is 12 a factor of 1696332?
True
Is 374605 a multiple of 49?
True
Is 9 a factor of 333021?
False
Is 8268325 a multiple of 845?
True
Is 515679 a multiple of 53?
False
Does 1365 divide 4129328?
False
Is 23 a factor of 1085094?
True
Does 283 divide 110712?
False
Does 919 divide 3296453?
True
Does 16 divide 956640?
True
Is 161 a factor of 220087?
True
Is 239 a multiple of 5?
False
Does 568 divide 2344013?
False
Does 99 divide 97317?
True
Is 20 a factor of 73057?
False
Does 38 divide 42104?
True
Is 6 a factor of 907122?
True
Is 1770 a multiple of 96?
False
Is 30603 a multiple of 5?
False
Is 2672719 a multiple of 8?
False
Is 2219038 a multiple of 134?
False
Is 163 a factor of 13086683?
False
Is 98055 a multiple of 225?
False
Is 1539972 a multiple of 98?
True
Does 215 divide 878920?
True
Does 6 divide 78888?
True
Is 158 a factor of 531158?
False
Does 41 divide 2913829?
True
Is 19462421 a multiple of 26?
False
Is 26 a factor of 260789?
False
Is 24 a factor of 697909?
False
Does 58 divide 130152?
True
Does 528 divide 2255651?
False
Is 33 a factor of